ds digit of 10945726?
7
What is the units digit of 13880374?
4
What is the tens digit of 572795?
9
What is the thousands digit of 1730009?
0
What is the tens digit of 18137879?
7
What is the hundreds digit of 421178?
1
What is the millions digit of 18083187?
8
What is the millions digit of 2486626?
2
What is the hundreds digit of 965228?
2
What is the units digit of 197558?
8
What is the ten thousands digit of 16678710?
7
What is the hundreds digit of 50738?
7
What is the hundred thousands digit of 347629?
3
What is the tens digit of 191086?
8
What is the ten thousands digit of 265361?
6
What is the hundreds digit of 8408766?
7
What is the ten thousands digit of 12489208?
8
What is the ten thousands digit of 2510652?
1
What is the units digit of 2573206?
6
What is the tens digit of 198465?
6
What is the hundreds digit of 14858?
8
What is the thousands digit of 3404329?
4
What is the units digit of 556386?
6
What is the hundreds digit of 161358?
3
What is the units digit of 2388259?
9
What is the hundred thousands digit of 5616028?
6
What is the hundreds digit of 5198620?
6
What is the thousands digit of 4074221?
4
What is the units digit of 624836?
6
What is the thousands digit of 1425018?
5
What is the tens digit of 408309?
0
What is the ten thousands digit of 16069422?
6
What is the hundred thousands digit of 356085?
3
What is the hundred thousands digit of 9989109?
9
What is the hundreds digit of 5635181?
1
What is the tens digit of 2547943?
4
What is the millions digit of 7609287?
7
What is the hundreds digit of 461928?
9
What is the hundreds digit of 5066334?
3
What is the ten thousands digit of 39506?
3
What is the ten thousands digit of 143651?
4
What is the units digit of 12294?
4
What is the hundreds digit of 2190117?
1
What is the tens digit of 26774639?
3
What is the tens digit of 466420?
2
What is the hundred thousands digit of 20134022?
1
What is the hundreds digit of 1812143?
1
What is the hundred thousands digit of 586211?
5
What is the thousands digit of 625807?
5
What is the thousands digit of 671751?
1
What is the tens digit of 180376?
7
What is the tens digit of 473368?
6
What is the units digit of 283113?
3
What is the thousands digit of 3936096?
6
What is the units digit of 428606?
6
What is the millions digit of 17419665?
7
What is the units digit of 131060?
0
What is the ten thousands digit of 52382?
5
What is the hundreds digit of 2781391?
3
What is the tens digit of 954153?
5
What is the units digit of 1152442?
2
What is the ten thousands digit of 1448322?
4
What is the units digit of 5350723?
3
What is the thousands digit of 18889831?
9
What is the hundreds digit of 1990483?
4
What is the thousands digit of 113446?
3
What is the thousands digit of 216424?
6
What is the millions digit of 1282106?
1
What is the tens digit of 227931?
3
What is the hundreds digit of 9065384?
3
What is the millions digit of 1459779?
1
What is the millions digit of 2622721?
2
What is the ten thousands digit of 1140364?
4
What is the ten millions digit of 13060875?
1
What is the thousands digit of 7178927?
8
What is the hundreds digit of 728933?
9
What is the hundreds digit of 2833508?
5
What is the units digit of 30693?
3
What is the hundreds digit of 105368?
3
What is the tens digit of 12702059?
5
What is the hundred thousands digit of 787392?
7
What is the units digit of 507961?
1
What is the units digit of 36696?
6
What is the hundred thousands digit of 1045001?
0
What is the tens digit of 400598?
9
What is the units digit of 15590?
0
What is the hundred thousands digit of 6068664?
0
What is the hundred thousands digit of 3601577?
6
What is the hundreds digit of 30173201?
2
What is the hundreds digit of 7459421?
4
What is the tens digit of 2320147?
4
What is the tens digit of 4126303?
0
What is the units digit of 14342983?
3
What is the units digit of 31232316?
6
What is the hundred thousands digit of 22147924?
1
What is the thousands digit of 2554842?
4
What is the hundreds digit of 929187?
1
What is the tens digit of 4843?
4
What is the units digit of 241683?
3
What is the ten thousands digit of 289335?
8
What is the tens digit of 7502116?
1
What is the hundreds digit of 238776?
7
What is the units digit of 1729899?
9
What is the hundred thousands digit of 6686800?
6
What is the thousands digit of 7092503?
2
What is the ten thousands digit of 22714?
2
What is the hundreds digit of 93385?
3
What is the units digit of 1839079?
9
What is the thousands digit of 40100?
0
What is the hundreds digit of 925789?
7
What is the units digit of 401515?
5
What is the hundred thousands digit of 8443793?
4
What is the units digit of 2923677?
7
What is the thousands digit of 3562188?
2
What is the units digit of 564789?
9
What is the tens digit of 9853357?
5
What is the hundred thousands digit of 5486327?
4
What is the ten millions digit of 10210343?
1
What is the hundred thousands digit of 6352639?
3
What is the units digit of 132852?
2
What is the tens digit of 82691?
9
What is the hundreds digit of 22924865?
8
What is the ten thousands digit of 3115898?
1
What is the units digit of 398719?
9
What is the hundreds digit of 84074?
0
What is the ten thousands digit of 2044150?
4
What is the thousands digit of 1990816?
0
What is the hundred thousands digit of 959831?
9
What is the hundreds digit of 5191722?
7
What is the ten thousands digit of 20725056?
2
What is the hundreds digit of 16441?
4
What is the units digit of 628616?
6
What is the hundred thousands digit of 1028752?
0
What is the thousands digit of 6582830?
2
What is the thousands digit of 76956?
6
What is the units digit of 34769486?
6
What is the ten thousands digit of 6194727?
9
What is the units digit of 3014402?
2
What is the tens digit of 15126045?
4
What is the tens digit of 4478517?
1
What is the ten thousands digit of 6490714?
9
What is the units digit of 4791347?
7
What is the hundred thousands digit of 325371?
3
What is the hundred thousands digit of 2889942?
8
What is the tens digit of 590435?
3
What is the millions digit of 5689537?
5
What is the ten thousands digit of 9893232?
9
What is the ten thousands digit of 492068?
9
What is the hundred thousands digit of 7717481?
7
What is the units digit of 3995?
5
What is the hundreds digit of 871754?
7
What is the thousands digit of 73708?
3
What is the ten thousands digit of 2404231?
0
What is the thousands digit of 859822?
9
What is the units digit of 1491239?
9
What is the tens digit of 3889303?
0
What is the tens digit of 3066883?
8
What is the thousands digit of 485435?
5
What is the tens digit of 4781798?
9
What is the ten thousands digit of 1537154?
3
What is the units digit of 40007?
7
What is the ten thousands digit of 1970456?
7
What is the units digit of 1623694?
4
What is the tens digit of 26455?
5
What is the hundreds digit of 4703343?
3
What is the units digit of 7800008?
8
What is the ten thousands digit of 5635170?
3
What is the ten thousands digit of 395725?
9
What is the thousands digit of 516652?
6
What is the thousands digit of 11270663?
0
What is the ten thousands digit of 114930?
1
What is the tens digit of 283789?
8
What is the hundreds digit of 229715?
7
What is the hundreds digit of 1098122?
1
What is the thousands digit of 38609159?
9
What is the units digit of 385875?
5
What is the ten thousands digit of 2161885?
6
What is the thousands digit of 6113246?
3
What is the tens digit of 1835623?
2
What is the ten thousands digit of 648466?
4
What is the ten thousands digit of 1575326?
7
What is the tens digit of 1928398?
9
What is the hundreds digit of 602773?
7
What is the thousands digit of 17310243?
0
What is the ten thousands digit of 9878850?
7
What is the ten thousands digit of 521659?
2
What is the thousands digit of 822244?
2
What is the tens digit of 769721?
2
What is the tens digit of 823896?
9
What is the thousands digit of 30418?
0
What is the hundreds digit of 2467950?
9
What is the tens digit of 254165?
6
What is the ten thousands digit of 141796?
4
What is the ten thousands digit of 5058398?
5
What is the tens digit of 776576?
7
What is the hundreds digit of 652918?
9
What is the hundred thousands digit of 332988?
3
What is the ten millions digit of 18676598?
1
What is the units digit of 5284185